(base 14) in base 9?
213557
What is -1241553 (base 6) in base 2?
-10000100011101101
Convert 15342352 (base 6) to base 5.
114323200
What is 9b735 (base 12) in base 4?
302131121
Convert -53354 (base 15) to base 2.
-1000000011101000100
Convert -329d5 (base 14) to base 10.
-122687
49179 (base 13) to base 14
36d1c
What is 114402322 (base 5) in base 12?
222a47
121301014 (base 5) to base 11
360839
571a9b (base 15) to base 10
4157021
-156365 (base 8) to base 3
-2212121000
Convert -103033301 (base 5) to base 12.
-192642
-101001101111010001110101 (base 2) to base 14
-164b63b
-105029 (base 12) to base 7
-2121513
12240113 (base 6) to base 16
6032d
-1530056 (base 8) to base 5
-103011233
23a47 (base 14) to base 10
87087
What is -44024014 (base 5) in base 12?
-162047
Convert -ec6829 (base 15) to base 12.
-3930833
What is 200032322 (base 6) in base 3?
20022220002112
What is -454316 (base 13) in base 15?
-2251cb
What is -10000100011010 (base 2) in base 6?
-103122
What is -1803767 (base 9) in base 12?
-406674
-254cb4 (base 15) to base 4
-12310211110
What is 21353512 (base 6) in base 15?
c8bd2
Convert 412303204 (base 5) to base 4.
12122210033
What is 1668113 (base 9) in base 16?
e34d2
Convert -11144520 (base 8) to base 13.
-665438
What is 3ad57 (base 16) in base 9?
406508
56466253 (base 7) to base 9
10208657
-2220c (base 16) to base 13
-4b81c
5214144 (base 6) to base 8
752260
What is -109293 (base 15) in base 5?
-200242323
Convert -1632427 (base 9) to base 5.
-213012400
Convert 66512 (base 15) to base 3.
121112000022
What is 761073 (base 8) in base 11?
164255
What is -27432124 (base 9) in base 12?
-46517a1
Convert 21574310 (base 8) to base 7.
54351242
Convert 101002301303 (base 4) to base 7.
52655510
What is 120221220222 (base 3) in base 9?
527828
Convert -14760120 (base 8) to base 6.
-200511344
What is -372a52 (base 12) in base 10?
-896606
What is 24581415 (base 9) in base 2?
101101111011100100110110
-59278 (base 11) to base 9
-140262
6230725 (base 8) to base 16
1931d5
What is -3b123 (base 13) in base 6?
-2205252
What is 1ab15 (base 12) in base 6?
503225
Convert c59a4 (base 16) to base 8.
3054644
Convert -1a439b (base 12) to base 14.
-c0d83
Convert -7572015 (base 9) to base 5.
-2020001411
What is 1280baa (base 14) in base 2?
100010000000011110000010
Convert 1020002535 (base 6) to base 13.
22861c4
1100000000110011010 (base 2) to base 13
10a21c
What is 6175342 (base 8) in base 13?
4541c0
-d9406c (base 15) to base 13
-21b0bc5
What is 210010113201 (base 4) in base 9?
18710826
Convert -7833178 (base 9) to base 4.
-100010323211
190840 (base 10) to base 15
3b82a
1042225232 (base 6) to base 2
101011001001001111110100
Convert -4b568 (base 13) to base 6.
-2553034
What is 258893 (base 10) in base 4?
333031031
Convert -146751 (base 10) to base 4.
-203310333
Convert -2532235 (base 6) to base 12.
-6707b
11314112 (base 7) to base 15
149e2e
2247007 (base 10) to base 5
1033401012
Convert -200000001001 (base 3) to base 8.
-1264022
Convert 87494 (base 12) to base 2.
101011100111110000
Convert 583a (base 15) to base 7.
105415
Convert -200321332 (base 5) to base 8.
-3013034
What is 4627c (base 15) in base 8?
664125
Convert -653646 (base 7) to base 4.
-123320130
17241554 (base 8) to base 5
2011434311
3035502 (base 9) to base 12
660462
What is 40144324 (base 5) in base 11?
1a8500
Convert -201001100110 (base 3) to base 4.
-1123202301
18130 (base 11) to base 4
12031203
What is -1111111000110001010001 (base 2) in base 15?
-573eae
516440 (base 7) to base 3
11111200212
Convert -319546 (base 10) to base 7.
-2500423
Convert -58a79d (base 14) to base 9.
-5621054
What is -11121120111212 (base 3) in base 5?
-1111431001
What is -3615160 (base 7) in base 12?
-1a1064
What is 4bc15b (base 14) in base 7?
31105544
What is -558586 (base 10) in base 8?
-2102772
Convert 43896 (base 12) to base 6.
1525510
-45bb4 (base 13) to base 6
-2421015
What is 1021120010121 (base 3) in base 9?
1246117
-12a7547 (base 11) to base 16
-22553e
What is 1343671 (base 9) in base 7?
6161230
What is 41330023 (base 5) in base 7?
2612320
Convert -14076205 (base 8) to base 4.
-30013302011
Convert 1053215 (base 7) to base 16.
1fee9
ba07 (base 16) to base 15
e19d
2340434 (base 6) to base 5
12400430
Convert -173015 (base 10) to base 5.
-21014030
1543303 (base 11) to base 14
4ca00b
-11010101001000000010001 (base 2) to base 5
-3241434242
What is 5a146 (base 12) in base 4?
131211012
What is 1381679 (base 12) in base 4?
32320121331
What is -b3899 (base 16) in base 9?
-1340674
Convert b0c978 (base 13) to base 8.
17537517
-240586 (base 9) to base 5
-14113300
Convert 30526 (base 15) to base 8.
452714
Convert 1326337 (base 9) to base 14.
14c9cd
Convert 1221110001 (base 3) to base 10.
38233
What is 32606 (base 16) in base 5?
23100332
17782135 (base 9) to base 11
5077702
What is -53450077 (base 8) in base 4?
-223211000333
What is 31432652 (base 8) in base 13?
1506b74
What is 2807060 (base 9) in base 7?
16044024
Convert -e02dd4 (base 15) to base 2.
-101000100101111011100100
12ebdf (base 16) to base 15
19763b
Convert -1110001 (base 3) to base 15.
-4a4
-101111000111111110011 (base 2) to base 6
-53032551
Convert 77375 (base 16) to base 15.
99a3e
-f44b (base 16) to base 5
-4000124
1209121 (base 11) to base 7
23620214
What is -11253151 (base 6) in base 11?
-219511
-18409a7 (base 11) to base 7
-35342310
Convert 3423044 (base 5) to base 16.
ee60
938b (base 13) to base 11
14361
Convert 233100333 (base 4) to base 11.
1224aa
What is 4240114022 (base 5) in base 7?
135511112
-10011111011110010111 (base 2) to base 16
-9f797
What is 2abf (base 16) in base 4?
2222333
Convert 60841 (base 16) to base 14.
a40db
Convert 533519 (base 10) to base 4.
2002100033
Convert d293c3 (base 14) to base 13.
1614c43
What is 3114132044 (base 5) in base 12?
21853b7
Convert -101010111001000011000 (base 2) to base 13.
-3a2948
-101001010111010110111 (base 2) to base 16
-14aeb7
235500 (base 8) to base 12
3a854
Convert -65447 (base 10) to base 9.
-108688
-35124350 (base 7) to base 4
-23300130311
Convert 148180 (base 13) to base 16.
7ae5a
Convert -250135 (base 8) to base 3.
-11101010020
44835 (base 10) to base 11
3075a
What is -240a4 (base 14) in base 16?
-15790
What is -13442002 (base 5) in base 13?
-4bab8
Convert -1100100011101001 (base 2) to base 9.
-77487
13022021212 (base 4) to base 3
10112100012001
What is 182464 (base 10) in base 9?
307257
What is 31b6b (base 12) in base 16?
10043
Convert 121131233313 (base 4) to base 3.
110120010222210
136223 (base 13) to base 15
94635
Convert 24042334 (base 6) to base 16.
b7a72
Convert 100132232 (base 4) to base 13.
24956
Convert -701188 (base 9) to base 12.
-17b875
What is 1316425 (base 7) in base 5?
21011434
What is -10032243 (base 5) in base 2?
-10011100111000011
What is -120112102200021 (base 3) in base 4?
-133133203021
What is -344750 (base 10) in base 4?
-1110022232
Convert 21fe6 (base 16) to base 14.
38a58
What is 2877d6 (base 16) in base 11?
1551637
-16a1c5 (base 14) to base 11
-4a4164
Convert -b78c13 (base 13) to base 10.
-4303770
Convert 111022211110 (base 3) to base 9.
438743
-1000000100110 (base 2) to base 14
-1714
15a074 (base 11) to base 9
416633
Convert 528128 (base 14) to base 9.
5218538
Convert 286a01 (base 13) to base 6.
33044323
What is -13133103 (base 5) in base 8?
-376543
What is -1313302 (base 6) in base 3?
-10122211002
What is -1011100000011011110 (base 2) in base 16?
-5c0de
30039 (base 13) to base 8
247343
Convert -189870 (base 16) to base 15.
-21c8e3
Convert 5246204 (base 8) to base 7.
14602342
Convert -371540 (base 10) to base 13.
-100160
321032 (base 9) to base 11
120581
What is 22513020 (base 6) in base 10?
694020
Convert -1020014 (base 5) to base 2.
-100000111110100
What is 141134 (base 6) in base 8?
31662
What is -707030 (base 8) in base 9?
-384531
Convert 11785 (base 12) to base 8.
56025
What is 10101001011001101001 (base 2) in base 9?
1266721
What is -ac7e6f (base 16) in base 14?
-1703a47
3a34919 (base 11) to base 3
111010101122200
Convert -234004230 (base 5) to base 12.
-4402aa
What is 531154141 (base 6) in base 16?
8de70d
What is -5d143 (base 16) in base 5?
-44200001
-1428926 (base 10) to base 9
-2617105
Convert -31231110 (base 4) to base 16.
-db54
What is -1041c2 (base 13) in base 12?
-164188
What is